igit of 2627942142?
9
What is the hundreds digit of 2315396014?
0
What is the millions digit of 63920040?
3
What is the hundreds digit of 702232951?
9
What is the tens digit of 550140895?
9
What is the ten millions digit of 465402502?
6
What is the millions digit of 175509975?
5
What is the units digit of 94517401?
1
What is the hundred thousands digit of 321148183?
1
What is the ten millions digit of 276716860?
7
What is the tens digit of 686465746?
4
What is the thousands digit of 93294941?
4
What is the hundreds digit of 193448716?
7
What is the ten thousands digit of 16383253?
8
What is the hundred millions digit of 144910939?
1
What is the ten millions digit of 43121811?
4
What is the ten thousands digit of 1149439531?
3
What is the ten thousands digit of 704999207?
9
What is the tens digit of 134236015?
1
What is the millions digit of 1739986385?
9
What is the hundred millions digit of 107878662?
1
What is the units digit of 41959576?
6
What is the ten thousands digit of 311580?
1
What is the thousands digit of 25778108?
8
What is the units digit of 111429848?
8
What is the units digit of 61756499?
9
What is the ten thousands digit of 222500084?
0
What is the hundred millions digit of 388634503?
3
What is the units digit of 5428165?
5
What is the thousands digit of 50212766?
2
What is the tens digit of 59781930?
3
What is the units digit of 46369390?
0
What is the thousands digit of 1662627216?
7
What is the ten millions digit of 697871624?
9
What is the billions digit of 1564776535?
1
What is the hundreds digit of 5308623?
6
What is the units digit of 26249208?
8
What is the ten thousands digit of 133609919?
0
What is the hundred thousands digit of 2387794921?
7
What is the millions digit of 443728347?
3
What is the ten thousands digit of 494702?
9
What is the hundred thousands digit of 713837811?
8
What is the ten millions digit of 116936180?
1
What is the hundred thousands digit of 78125139?
1
What is the units digit of 23377736?
6
What is the millions digit of 3221639478?
1
What is the tens digit of 183445292?
9
What is the tens digit of 23335333?
3
What is the tens digit of 638951702?
0
What is the hundred thousands digit of 97200702?
2
What is the units digit of 68276153?
3
What is the hundred thousands digit of 30883029?
8
What is the millions digit of 41094001?
1
What is the units digit of 52476674?
4
What is the millions digit of 3756072500?
6
What is the hundreds digit of 153424202?
2
What is the thousands digit of 1945302064?
2
What is the units digit of 84860575?
5
What is the hundred thousands digit of 79820809?
8
What is the ten millions digit of 280834819?
8
What is the ten thousands digit of 1137222927?
2
What is the tens digit of 4803765023?
2
What is the hundreds digit of 9263942093?
0
What is the ten millions digit of 14103442?
1
What is the units digit of 3339588742?
2
What is the tens digit of 253604056?
5
What is the ten millions digit of 1103463184?
0
What is the hundred millions digit of 202511085?
2
What is the millions digit of 45002441?
5
What is the hundreds digit of 1293680806?
8
What is the tens digit of 2537632838?
3
What is the ten millions digit of 421536936?
2
What is the ten thousands digit of 335270321?
7
What is the ten millions digit of 1370781387?
7
What is the thousands digit of 299674283?
4
What is the ten thousands digit of 177097190?
9
What is the hundred thousands digit of 106851644?
8
What is the tens digit of 804560005?
0
What is the millions digit of 1186114989?
6
What is the millions digit of 255247386?
5
What is the millions digit of 61294810?
1
What is the units digit of 922794994?
4
What is the hundred thousands digit of 1096391?
0
What is the hundred thousands digit of 107117055?
1
What is the ten thousands digit of 4779791?
7
What is the hundreds digit of 886850?
8
What is the ten millions digit of 858055752?
5
What is the hundreds digit of 108637026?
0
What is the hundred millions digit of 5921431460?
9
What is the thousands digit of 280066862?
6
What is the millions digit of 37638796?
7
What is the units digit of 395357366?
6
What is the ten millions digit of 560803658?
6
What is the millions digit of 5875999246?
5
What is the tens digit of 171747493?
9
What is the hundreds digit of 78364127?
1
What is the thousands digit of 4961566?
1
What is the ten millions digit of 33662751?
3
What is the hundreds digit of 4725669658?
6
What is the units digit of 1323627479?
9
What is the ten thousands digit of 2558535429?
3
What is the hundred millions digit of 556232876?
5
What is the units digit of 9800116?
6
What is the tens digit of 962623489?
8
What is the units digit of 18864212?
2
What is the hundreds digit of 134291932?
9
What is the hundreds digit of 4139964737?
7
What is the millions digit of 71198963?
1
What is the hundred millions digit of 251769666?
2
What is the hundreds digit of 703821218?
2
What is the thousands digit of 409922133?
2
What is the tens digit of 2273583313?
1
What is the ten millions digit of 305299122?
0
What is the tens digit of 714796281?
8
What is the thousands digit of 1053995974?
5
What is the units digit of 511336488?
8
What is the hundred thousands digit of 27654691?
6
What is the units digit of 52079685?
5
What is the hundred thousands digit of 512601866?
6
What is the ten thousands digit of 7811074?
1
What is the units digit of 4806036?
6
What is the millions digit of 3322246971?
2
What is the ten millions digit of 32157918?
3
What is the thousands digit of 508300504?
0
What is the billions digit of 5255155700?
5
What is the ten thousands digit of 1151356676?
5
What is the hundred thousands digit of 16521702?
5
What is the thousands digit of 40814603?
4
What is the hundred millions digit of 4949541088?
9
What is the tens digit of 222633043?
4
What is the units digit of 1126086363?
3
What is the tens digit of 502777163?
6
What is the thousands digit of 476983534?
3
What is the thousands digit of 174292230?
2
What is the ten millions digit of 1805060769?
0
What is the units digit of 1130735369?
9
What is the hundred millions digit of 222501296?
2
What is the ten millions digit of 1320869634?
2
What is the hundred thousands digit of 959028588?
0
What is the millions digit of 154585746?
4
What is the thousands digit of 6359875631?
5
What is the hundred thousands digit of 404563069?
5
What is the thousands digit of 632586031?
6
What is the ten millions digit of 92333663?
9
What is the thousands digit of 86109618?
9
What is the ten millions digit of 162785285?
6
What is the thousands digit of 494742667?
2
What is the hundreds digit of 64100379?
3
What is the millions digit of 471058315?
1
What is the hundreds digit of 71239535?
5
What is the ten millions digit of 473103939?
7
What is the hundred millions digit of 119794994?
1
What is the hundreds digit of 258460292?
2
What is the ten thousands digit of 75059607?
5
What is the hundred millions digit of 128906359?
1
What is the thousands digit of 2424669704?
9
What is the ten millions digit of 95363385?
9
What is the thousands digit of 3548887852?
7
What is the hundred millions digit of 793469283?
7
What is the hundreds digit of 181179986?
9
What is the thousands digit of 62377260?
7
What is the ten millions digit of 3131182391?
3
What is the hundred thousands digit of 59520233?
5
What is the units digit of 1650949447?
7
What is the hundred millions digit of 162424775?
1
What is the hundreds digit of 1343205785?
7
What is the ten millions digit of 391115154?
9
What is the thousands digit of 82748063?
8
What is the thousands digit of 865167409?
7
What is the hundred thousands digit of 903653899?
6
What is the units digit of 3215726593?
3
What is the hundred thousands digit of 52706703?
7
What is the millions digit of 42573973?
2
What is the thousands digit of 654449899?
9
What is the hundred thousands digit of 328207663?
2
What is the tens digit of 28995156?
5
What is the hundred thousands digit of 73025376?
0
What is the ten thousands digit of 6859829?
5
What is the billions digit of 1738096616?
1
What is the hundreds digit of 74490154?
1
What is the millions digit of 1255258638?
5
What is the ten thousands digit of 91291563?
9
What is the hundreds digit of 5020115194?
1
What is the hundred thousands digit of